7 - (-19 - -12)) + 55.
64
What is the value of 1 + (-6 - -36 - 47) + 12 + -1 + -12?
-17
What is the value of 15 + -11 + -2 + 1 + 2 - (337 - 353)?
21
What is the value of (-264 - -169 - (-5 + 0)) + -1 + (-10 - -4)?
-97
What is the value of (-5 - (-14 + 1)) + 1 + -10 + 46?
45
What is -85 + -7 + -7 + -2 + (248 - 222)?
-75
(1 + -105 - (1 + 1)) + -2 + (-34643 - -34638)
-113
What is -7 - ((0 - 0) + 2 + (-2 + 9 - 1))?
-15
Evaluate 14 + 30 + (-19 - 12) + -4.
9
What is (-15 + 50 + -21 - 21) + -16?
-23
-284 + 230 + (6 - -65)
17
What is -2 + -33 + 2 - (-14 - (69 - 92))?
-42
Evaluate -1 - 46 - (-105 + 55 + 26).
-23
Evaluate 6 + (60 - 20) - -30.
76
What is (-21 - -46) + (348 - 312)?
61
Evaluate 19 - (3 - -40 - (209 - 200)).
-15
What is the value of -5 + (-6 - (41 - 30) - -78)?
56
-22 + 2 + (-178 - -181) + 84
67
69 + -87 - (87 + -2 + (7 - -6))
-116
Evaluate 1 - (0 - 17 - ((0 - -4) + -12 + 0)).
10
Calculate -14 - (-72 + (12 - 25) + (43 - 49)).
77
What is the value of (10 - -1) + 6 + (-36 - -16)?
-3
Calculate -51 + -72 - -43 - (0 + -6).
-74
Calculate -53 + 84 + -35 + (-1 - 0) + -30.
-35
0 - 10 - (84 + (12 - 113))
7
72 - 22 - (37 + 12)
1
What is the value of 52 + (-51 - 95) + 218?
124
Evaluate -1 + 4 - (2 + 6) - (-25 + (-14 - 47)).
81
What is the value of 22 - 23 - -24 - 21 - 110?
-108
What is (-9 + -60 - -110 - 51) + 0 + (21 - 1)?
10
-5 + (1 + 45 - 32)
9
What is -1 + (-11 - (5 + -5)) + 16 + 21?
25
What is 71 - -1 - (5589 - 5563)?
46
What is (46 - (-84 - -217)) + 84?
-3
What is (-1 - 55) + (-2488 - -2571)?
27
Evaluate (16 - (-5 + -8 + -7)) + (3 - 0).
39
9 + 0 + -15 + 27 + -17 - -1
5
15 + (9 - 61) - -15 - -91
69
-45 - -175 - 122 - (84 + 3)
-79
What is the value of (-27 - (73 + -25 - 6)) + 29?
-40
(-25 - -4) + -22 + -4 + 15 + 7
-25
Evaluate 100 + -6 - 42 - 41.
11
(1 - 0 - 4) + (-29 + 30 - 33)
-35
Calculate 9 + 2 - ((-11 - -1) + -1499 + 1493).
27
What is the value of (-91 - (-126 + 95)) + -58?
-118
Calculate 66 + (32 - 16) + -9.
73
Calculate -18 + (59 - 10) - (-11 - (1 - 21)).
22
What is -60 + 129 + -60 - (2 - (-7 - (-2 + 4)))?
-2
(9 - (17 - 2)) + -31
-37
Evaluate -48 - (53 - (8 + 66)).
-27
-17 + -12 + 23 + -20 + 85 + 37
96
Evaluate 62 + -36 + 104 + -88.
42
Evaluate 19 + -21 + -42 - -39.
-5
What is -47 + 44 - (((-3 - -4) + -2 - -4) + -1)?
-5
Evaluate (-14 - -16) + (1 - -2) + (-61 - (-26 + 7)).
-37
What is the value of (1 + 4 - 12) + 33 + -2?
24
What is (291 - 174) + 3 + -17 + (-6 - (-4 - 2))?
103
What is (-11 - -19) + -5 + (-7 - 2) + 140 + -43?
91
Evaluate (1 + -1 + -94 + 82 - -113) + -5 + 7.
103
What is the value of (27 - 26 - 63) + 45 + (9 - (1 - 0))?
-9
Evaluate 87 + (-1 + -18 - -2 - (-808 - -804) - 0).
74
What is the value of 2 + -29 + (-10 - ((3 - 5) + 4))?
-39
(-2 - -6) + 39 - -16 - (0 + 11)
48
Calculate (-11 - (24 + -57)) + -45.
-23
What is 1 - (58 + (-84 - 8))?
35
(654 - 653) + (0 - 2 - -2) - (-102 + -8)
111
What is the value of -26 + 1 + (120 - 276 - -161)?
-20
28 + ((9 - -10) + -11 - 23)
13
What is 9 + -76 + 106 + 11 + -24?
26
Evaluate (8 - (4 - (-2 + 5))) + 22 + 8 + -21.
16
(-70 - -75 - (-2 + -3 + 0)) + -132 - 5
-127
Calculate (-9 - (18 - 19)) + 57.
49
-115 + (-20 - (9 - 26) - (2 - 17) - 18)
-121
Evaluate -9 - (-125 + -66 - -101).
81
What is the value of 14 + (25 - (17 + -5)) + -15 + 2 - 130?
-116
What is 12 + 20 + 3 + -24?
11
Calculate 0 + -3 + 0 + (215 - (79 + 75)).
58
-12 + 0 + (178 - (4 + 170))
-8
What is (30 - (12 + 10)) + 9?
17
Evaluate 45 + -132 + 106 + -43.
-24
Evaluate 15 + (18 + -8 - -3).
28
Calculate (178 - 196) + 37 + 5 - 62.
-38
Evaluate 26 + (-90 - (25 + (-30 - -24))).
-83
What is 8 + (10 - (18 + -11)) + 21?
32
Calculate 5 + -22 + -63 + 22 + (0 - 2).
-60
What is the value of 8 - 30 - (-6 + -10) - -7 - 89?
-88
Evaluate 1 + 76 + (-15 - (-5 + (1 - 9))) - 9.
66
What is the value of (34 + 11 - 34) + -5 + 0 + 50?
56
(82 - 72) + (12 - (-7 - 2))
31
Calculate 48 + -23 + -68 + 23.
-20
Calculate 10 + 14 + 16 + (3 - 30) + -19.
-6
Calculate 139 - (18 - -16) - 127.
-22
Evaluate -2 - (-1 - (-2 - 14) - (101 - 55)).
29
What is (18 - 31 - -24) + 16 - 132?
-105
Evaluate -13 - (-1 - 15 - (61 + (-109 - -124))).
79
What is the value of 16 - 29 - (1 + -8 + 8 + 2 + -19)?
3
11 - (-81 + 45 + -2) - 21
28
-3 - 1 - (64 + (103 - 154))
-17
What is (48 - 5 - 31) + (5 - 14) + -73?
-70
What is 41 - (16 + -15 + 5)?
35
What is 4 + -7 + 10 + -51 + (-22 - -14)?
-52
(-100 - (4 - 11) - -18) + 8 + 0 + 0
-67
Calculate (-856 - -852 - (0 + -109 + -4)) + -15.
94
(-3 - -125) + (536 - 727)
-69
What is 6 - (-9 - (-5 + 1) - (-81 - -19))?
-51
What is the value of (26 - -6) + 598 + -697?
-67
-79 + 0 + 8 - ((4 + 5 - 22) + -1)
-57
200 + -121 + 25 - (-9 - 3)
116
What is the value of -121 + -39 + 81 + (2 - (-10 + 22))?
-89
Calculate (-17 - 6 - (-104 - -29 - 3)) + (-2 - 1).
52
What is 9 + -20 + (8 - 12 - (2 + -7)) - 42?
-52
Evaluate -74 + (85 - 31 - 10 - 5).
-35
Calculate -14 + -7 + -11 - -7.
-25
Calculate 42 - (-8 + 54 + -22 - 18).
36
Calculate -8 - (2 + 39) - (-1 - -8).
-56
Calculate 9658 + -9640 + 40 + (1 - (4 - 3)).
58
Evaluate (15 + -4 - (16 + 4)) + 29 - -11.
31
Evaluate -7 - (84 - -8) - (-17 + -1 + 18).
-99
Evaluate (-25 - -45) + -31 - (10 - 0).
-21
What is -22 + -114 + 66 + -15?
-85
-8 - (8 + -18 + 30 + -52)
24
What is (41 - 36 - 1) + (9 - -27) + -7?
33
-6 - (5 + (-14 - 10))
13
What is -1674 - -1651 - (-5 - -80)?
-98
-23 + (8 - 10 - (-17 + 7 + 3))
-18
Evaluate (-124 - -88) + -23 + 169.
110
Evaluate (1 - 2) + -1 + (231 - 216).
13
Evaluate 4 + -18 + 5 - ((-86 - -66) + -60).
71
What is (11 + (3 - 4) - (6 - 30)) + 7?
41
Calculate (-29 - -1) + (13 - (-201 + 186 - (-37 + 1))).
-36
37 + -73 + 7 + 16 - -2
-11
17 - (1 + -23) - (-17 + 25)
31
-774 + 922 + 11 + -114
45
-117 + -56 - -73 - -97
-3
What is -19 + 36 + -2 + -42 - 117?
-144
What is -11 + 0 - (-2752 + 2717)?
24
Calculate -24 - (-14 - 6) - ((6 - -1) + -9 + 11).
-13
Evaluate -33 + 7 - (-97 + 76).
-5
(-15 - -2) + (316 - 212 - 68)
23
Evaluate (-12 + 40 - 63) + 2.
-33
Evaluate 11 - (2 - -4) - (5 - 81 - (-52 - -66)).
95
What is 11 - 2 - ((-5 - 21) + 37) - (-25 + 84)?
-61
Evaluate 10 + -10 + ((-15 - -17) + 82 - 16).
68
Calculate (-7 - (-4 + 12) - (14 - 27)) + -8.
-10
What is 284 - 327 - (-8 + -1 + 6 + 13)?
-53
Evaluate 37 + (-108 - -48) - (-19 - (3 + -2)).
-3
-7 + (3 + -10 - -16 - -2)
4
What is the value of -44 - (17 + (10 - 23)) - (16 + -2)?
-62
What is the value of 0 + (-2 - -1) + (-17 - (37 + -54))?
-1
Evaluate 12 + (-6 - (4 + 3) - (-3 + 1)).
1
-7 + 93 + -43 + (40 - -19)
102
Evaluate 3 + 36 + (1 - (31 - 11) - -8).
28
What is -38 + 27 + 6 + -4 + (-65 - -3) - -8?
-63
What is 68 + (-3 - -3 - (39 - 5))?
34
Calculate 0 - -42 - 18 - (5 + -10 + -7 + 3).
33
-24 - (-395 + 399 + (-1 - -1) + -1)
-27
-370 - -331 - (5 + (4 - 30))
-18
(0 - 4) + 27 + -2 + -84 + (-132 - -219)
24
What is -57 + 3 - 3 - -21?
-36
-63 - (-74 + 12) - (0 + 55)
-56
Calculate (31 - (-2 + 38)) + (19 - 5) - 40.
-31
-5 + (0 - 8) + (21 - 19 - 4 - -11)
-4
Evaluate (-27 - (48 - 40)) + 107.
72
What is the value of (1 - 1) + (56 - (119 - 69))?
6
Evaluate (-2 - (-18 - 55) - (-15 + 22)) + -4.
60
Evaluate 58 + (-14 - -1) + -12 + 25 + -10.
48
(23 - (66 - 14)) + 6
-23
Evaluate (118 - 109) + -69 + 1 + -9 + 12 + 3.
-53
What is -19 + 27 + 1 + 80 - 16?
73
Evaluate -19 - (-13 + (5 - -6)) - (-9 - -87).
-95
Evaluate 2 + (-19 - -12) - (65 + -13).
-57
-18 + 117 + -142 + -1 + 30
-14
Calculate 99 - (44 + (-40 - -19) - 27 - 17).
120
Calculate -19 + (14 - -13 - -2) + 8.
18
Calculate -154 + 178 + (-53 - -2).
-27
What is (80 - (-33 - -68)) + -40 - 38?
-33
Calculate -26 + -6 + (0 + -12 - (87 - 87)).
-44
Calculate (13 - 39) + 31 - (0 + 14).
-9
What is the value of (-1 - -3) + 1249 + -1330?
-79
Evaluate (61 - 124) + 55 - -59.
51
4060 + -4037 + (-1 - 48)
-26
118 - (13 + 91) - -49
63
Calculate 10 + (-1802 - -1816 - (74 + -2 + 4)).
-52
Calculate -1 + (75 - (-13 + 11)) + -7 + -9.
60
What is the value of -15 - (-1 - (-32 + 19 + 75))?
48
Calculate 8 - ((7 + -16 - -18) + -23).
22
(81 - 71) + 17 + (-1 + 3 - -1)
30
Calculate (1 + -1 - 18) + -11 + 0 + 11 + 7.
-11
Evaluate 41 + -6 + -89 - -76.
22
What is the value of 0 + 132 - (-33 + 10 + 59)?
96
Calculate -1 - ((-1 - -7) + -13 + 14 + -21).
13
What is the value of (10 - (2 + 9 + -13 + 10)) + -22 + 15?
-5
Calculate ((7 - 2) + -5 - -10) + -510 + 445.
-55
What is 33 - 52 - 